e prime factors of t?
2, 353
Let f(s) = s**2 + 1. Let p(c) = -4*c**2 + 16*c - 17. Let k(i) = -5*f(i) - p(i). Let t be k(-15). Suppose 0 = -6*w + 5*w + t. What are the prime factors of w?
3
Let r = -3031 - -4921. List the prime factors of (r/4 - 2)/(1/4).
2, 941
What are the prime factors of 375/1375 + (-71772)/(-11)?
3, 5, 29
Suppose -64*v = -61*v - 9. List the prime factors of (v/6 + -1 + -24)*-2.
7
Let j be ((-1748)/138)/((-1)/18). Suppose -6*p + 5*p + 5*i + j = 0, 5*p - 1236 = i. List the prime factors of p.
2, 31
Suppose 0 = 3*l - 293 + 11. Suppose -4*m = -y + 5*y + 4, -4*m + 4*y + 20 = 0. Suppose -t = -7*s + m*s + 91, 4*t + l = 5*s. What are the prime factors of s?
2, 3
Suppose -19788 = -3*j + 2*h, 23*j - 22*j - 5*h - 6609 = 0. What are the prime factors of j?
2, 3, 7, 157
What are the prime factors of (12 + (8 - 9774))/(-2)?
4877
Let x = 369 + -183. Let w be 1/(-13*6/(-390)). Suppose -w*u + 94 = -x. List the prime factors of u.
2, 7
List the prime factors of 45/3*((-2130)/12)/(5/(-30)).
3, 5, 71
Let s = 2688 - 2424. Suppose z = -2*z. Suppose z = 4*u + 4*r - s, u + 0*r = 2*r + 57. List the prime factors of u.
3, 7
Let b(l) = 3*l**2 - 73*l - 11 + 43*l - l**3 + 0*l**2 + 25*l + 7*l**2. Suppose -2*n + 10 + 4 = 0. What are the prime factors of b(n)?
101
Let m(o) = -5*o**3 - 2*o**2 + 91*o - 135. List the prime factors of m(-17).
3, 5, 1487
Let j(d) = -d**3 - 6*d**2 - 5*d + 2. Let a be j(-5). Suppose -24 = -3*z + 4*b, b = 2*z - a*b - 17. Suppose 6*p = z*p + 186. List the prime factors of p.
3, 31
Suppose -3*z + 143385 = o, -5*z + 169274 + 69722 = 4*o. What are the prime factors of z?
2, 29, 103
Suppose 47*z - 383482 = -94*z + 2199215. List the prime factors of z.
13, 1409
Let l = 3251 + -3132. List the prime factors of l.
7, 17
Let h(g) = -g**3 + 8*g**2 + 42*g + 10. Let b = 69 + -58. What are the prime factors of h(b)?
109
Let o = 615 - 314. Suppose o*d - 303*d = -502. What are the prime factors of d?
251
Let h(t) = -t**3 + 8*t**2 - 4*t + 1. Let p = 98 - 61. Suppose 0 = 6*i - 5 - p. What are the prime factors of h(i)?
2, 11
What are the prime factors of (-43436)/(((384/12)/8)/(-4))?
2, 10859
Let n(x) = -279*x + 189. Let s(b) = -140*b + 93. Let j(l) = -6*n(l) + 13*s(l). List the prime factors of j(-11).
41
Suppose -200*o - 21366 = -2*y - 197*o, -o + 42732 = 4*y. What are the prime factors of y?
3, 1187
Suppose -11*j + 2297 + 1773 = 0. Suppose -j - 71 = -7*m. List the prime factors of m.
3, 7
Let c(r) = -2*r**2 + 24*r + 15. Let z = 234 - 222. What are the prime factors of c(z)?
3, 5
Let b = 39084 - 14911. List the prime factors of b.
23, 1051
Suppose 0 = -5*g + 2*b + 70 + 15, -2*g = b - 25. Let k = 6 + g. Suppose -5*h + 85 = -5*l, -h - l = -6*l - k. What are the prime factors of h?
2
Let l be 9 + (-3 - 1) + -9 + 15. Let g(z) = 18 + 0 + 4 - z. What are the prime factors of g(l)?
11
Let r(u) = u**3 + 7*u**2 + 2*u - 2. Let i be r(-6). Suppose -20*v = -i*v + 310. What are the prime factors of v?
5, 31
Let l be 3/(-1)*1*(-5)/3. Suppose 0 = -2*w + j + 2, -j - 4 - 4 = -l*w. Suppose -w*f + 5*i + 43 + 157 = 0, 10 = 5*i. List the prime factors of f.
3, 5, 7
Suppose -h = 3*q - 103410, 20*q = 21*q - 4*h - 34483. What are the prime factors of q?
34471
Let h = 25947 - 5624. What are the prime factors of h?
20323
Let f(k) = -64578*k**3 + 3*k**2 + 264*k + 262. What are the prime factors of f(-1)?
64579
Suppose 11*i = -8*i + 57. Suppose z = 5*a - 6115, i*a - 3*z + 335 = 4004. What are the prime factors of a?
1223
Let g = -229 + 360. Let v = 309 - g. What are the prime factors of v?
2, 89
Suppose 862 = 2*h + 2*f, 454 + 393 = 2*h - 3*f. What are the prime factors of 5 + (-5 + h - 3)?
5, 17
Let x = -86841 - -170115. List the prime factors of x.
2, 3, 13879
What are the prime factors of -3*(-471258)/(7 + 20)?
2, 3, 2909
Suppose z + 4*x = -152, 3*z + 638 - 197 = 3*x. Let n = 1295 - 1038. Let k = n + z. What are the prime factors of k?
109
Let z(l) = l**2 - 14*l + 41. Let d be z(11). List the prime factors of (-1 - 30/d)*(-660)/3.
5, 11, 19
Suppose 0 = -4*t - a + 117, 5*a - 2*a - 3 = 0. Suppose y - 118 - t = 0. List the prime factors of -2*(y/(-6) + 4).
41
Let s(i) = -3*i**3 + 55*i**2 - 15*i - 8. List the prime factors of s(-12).
2, 3319
Let l(i) = 405*i - 1603. What are the prime factors of l(16)?
4877
Suppose -26*w - 40127 = -499885. List the prime factors of w.
17683
Suppose 11*j = j - 570. Let s = 59 + j. Suppose -5*y + 6*x = s*x - 835, -332 = -2*y + 2*x. What are the prime factors of y?
3, 19
Suppose 77*k + 43100 = 82*k. List the prime factors of k.
2, 5, 431
Let z = 27988 + 3335. List the prime factors of z.
3, 53, 197
Let m(q) = -70*q - 43. Let c be -2*(5 - 2) - 1. What are the prime factors of m(c)?
3, 149
Let s(d) be the third derivative of -17*d**4/24 + 139*d**3/6 + 49*d**2. List the prime factors of s(0).
139
Let l(t) = -793*t + 263. What are the prime factors of l(-13)?
2, 3, 881
What are the prime factors of (-84)/7*5/((-20)/4047)?
3, 19, 71
List the prime factors of (-860)/6*(27 + 12474/(-84)).
3, 5, 43
Suppose -2*u - 19246 = -p + 3*u, -p = u - 19252. What are the prime factors of p?
3, 23, 31
Suppose 0 = -329*d + 327*d + 10292. What are the prime factors of d?
2, 31, 83
Let h(l) = -2*l**3 + 6*l**2 - 58*l - 50. List the prime factors of h(-25).
2, 5, 7, 13
Let u = 140 - 136. Suppose 0 = u*v - 63 - 17. List the prime factors of (-1)/(-2)*680/v.
17
Suppose 68 = j - 0*j. Let y(a) = -8*a - 240. Let g be y(-32). Let u = j - g. What are the prime factors of u?
2, 13
Suppose 4*h - 2*c = -14, 3*c = 4*h - 0*c + 17. Let n(j) = -9*j**2 + j + 4. Let k be n(h). What are the prime factors of (2 + k + -3)*-1?
5, 7
Suppose 4*d + c = -0*d + 50862, 2*d + c - 25430 = 0. Suppose -829 = -7*g + d. List the prime factors of g.
3, 5, 43
Suppose -9*y - 7*y + 27216 = 0. What are the prime factors of y?
3, 7
What are the prime factors of 153559/77*(11 + 0)?
21937
Let u(n) be the third derivative of -n**6/60 + 8*n**5/15 + n**4/2 + 11*n**3/6 - 14*n**2 + 2*n. List the prime factors of u(14).
3, 107
Suppose 3*n - 9*c - 62 = -4*c, -50 = -5*n - 5*c. List the prime factors of n/(7/1)*134.
2, 67
Let s(t) = 2*t**2 - 21*t - 4. Let h(k) = -k**2 + 11*k + 2. Suppose 4*g - 36 = -8. Let z(i) = g*h(i) + 4*s(i). List the prime factors of z(-6).
2, 19
Let o = 702 - -119. Let q(l) = 5*l**2 - 9*l - 35. Let i be q(12). Let m = o - i. List the prime factors of m.
2, 61
Let l be (-2 + -3)*((-351)/3 + -2). Suppose 0 = -5*d + p + l + 560, -3*p = -4*d + 924. What are the prime factors of d?
3, 7, 11
Suppose -j = 3*x - 34640, -5*j - 2*x = -6*j + 34645. Suppose j = 45*g - 11302. List the prime factors of g.
1021
Suppose 47 + 37 = 7*l. Let u(w) = w**3 - 11*w**2 - 12*w + 14. Let o be u(l). Let q = o - -50. List the prime factors of q.
2
Let v(m) = m**3 - 49*m**2 - 29*m - 120. Suppose 0 = 10*z - 334 - 166. List the prime factors of v(z).
2, 3, 5, 31
Let s be 5*1 + (-3)/(-12)*-4. Suppose -r = 4*g + 10, g + s*g + 23 = 4*r. Suppose -4*v = -3*k - 431, -3*v - 2*k + 510 = r*v. What are the prime factors of v?
2, 13
Let y be (-10)/12 - 60/(-72). Suppose y = -2*u + 5*a + 1420, 3*a + 28 = 16. What are the prime factors of u?
2, 5, 7
What are the prime factors of (19/133*56)/(4/1822)?
2, 911
Let s(q) = q**3 + 2*q**2 + 2*q + 6. Let n be s(-2). Suppose -771 = -n*p + 3357. Suppose -9*k - p = -21*k. List the prime factors of k.
2, 43
Let w = -20 + 70. Suppose 13*i - 8*i = w. Suppose 4*v - f = 2*v + 10, 2*v + i = -4*f. List the prime factors of v.
3
Let x(u) = -3*u**3 + 7*u**2 + 12*u + 1. Let v(d) = 2*d**3 + 12*d**2 - 16*d - 21. Let h be v(-7). List the prime factors of x(h).
1289
Suppose -3*b = 2*b + o + 5, -5*b + 10 = -2*o. Suppose m - 5*d = 51, b = -3*m + 8*m - 3*d - 343. List the prime factors of m.
71
Suppose k = 13 - 11. Let m(z) = -2*z - 14. Let x be m(-10). Suppose -5*r + 48 = 3*c - x*r, 40 = k*c + 2*r. List the prime factors of c.
17
Let j(r) = -21*r**3 - 3*r**2 - 37*r + 1. List the prime factors of j(-10).
19, 1109
Let h = 2195 + 10011. What are the prime factors of h?
2, 17, 359
Let h = -74 + 183. Suppose -a + 28 = -m, 0*a - m = -4*a + h. Suppose 4*f + a = 227. List the prime factors of f.
2, 5
Suppose 107*f + 8 = 103*f. What are the prime factors of 217/(-31) - 17*f?
3
Suppose -i = n - 6991, 3*n + 13952 = 2*i -